 0*g = 4*t - 336. Let f be ((-68)/t)/((-2)/(-45)). Calculate the remainder when 20 is divided by 12/f + (-78)/(-9).
4
Let v(l) = 5*l - 10. Let y be v(4). What is the remainder when (-56)/(-26) - y/65 is divided by 1?
0
Suppose 4*v = -4*i + 208, -v + 97 - 33 = -5*i. Let d = 262 - 167. Suppose -16*u + 11*u = -d. Calculate the remainder when v is divided by u.
16
Suppose w - 167 = -d + 153, -3*d + 956 = 4*w. Calculate the remainder when d is divided by 83.
75
Let h(j) = -8*j + 53. Calculate the remainder when 173 is divided by h(3).
28
Let m = -96 - -101. Suppose 4*n + 0*f = -f + 75, -m*n - 3*f + 92 = 0. What is the remainder when n is divided by 12?
7
Suppose -2*d + 5*j = -157, -6*j = d - j - 101. Calculate the remainder when d is divided by 47.
39
Suppose 0 = 5*g - 3585 - 3335. Calculate the remainder when g is divided by 21.
19
Suppose 2*l - 2 = l. Let f be 3 + 3 + -1 - l. What is the remainder when 50 is divided by 38/f + (-4)/(-12)?
11
Suppose 64 = 19*b - 15*b + 4*y, -b - 3*y = -16. Calculate the remainder when 455 is divided by b.
7
Let k = -3 + 6. What is the remainder when 37 is divided by 6/27 - k/(27/(-124))?
9
Suppose 0 = 8*s - 11*s - 4*l + 262, -332 = -4*s - l. Calculate the remainder when s is divided by 5.
2
Let o = -78 - -115. Let k(w) = w**3 - w**2 + w + 108. What is the remainder when k(0) is divided by o?
34
Suppose 5*l = -63 + 343. Let o(b) = -b**2 + 10*b + 6. Calculate the remainder when l is divided by o(9).
11
Let v(h) = -h**2 - 10*h + 15. Let d(k) = 7*k - 12. Let f be d(5). Suppose -g = -2*q - 2*g - f, 5*g - 6 = q. What is the remainder when 17 is divided by v(q)?
1
Let x = -15 - 25. Let c = 70 + x. What is the remainder when c is divided by ((-2)/3 + 2)*6?
6
Let g be 6/24*2*8. Suppose -396 - 148 = -g*p. What is the remainder when p is divided by 23?
21
Suppose 0 = 7*b - 79 - 614. Calculate the remainder when b is divided by 26.
21
Let c be (-28)/13 - (-2)/13. What is the remainder when 26 is divided by c/8 - 232/(-32)?
5
Let j(c) = 56*c + 306. Calculate the remainder when j(-5) is divided by -2 - 8*(-3)/2.
6
Let s = 25 + 5. Calculate the remainder when 57 is divided by s.
27
Let y(h) = 4*h + 100. Suppose a + 5*x + 18 = 4*a, 0 = 5*a - 2*x - 30. What is the remainder when y(-23) is divided by a?
2
Let n(k) = 3*k**2 - 5*k - 8. Let q be 172/32 - 7 - 6/16. What is the remainder when n(6) is divided by (q + 12/(-10))/((-2)/15)?
22
Suppose -29*f + 4 = -28*f. Suppose f*i - 104 = -8. What is the remainder when i is divided by 7?
3
Let q(d) = -4*d**2 - 41*d + 17. What is the remainder when 118 is divided by q(-9)?
56
Suppose 4*a = -167 - 73. Let v = 267 - 240. What is the remainder when v is divided by ((-2)/4)/(2/a)?
12
Suppose 268 = 2*a - 4*z, -5*a + z = -a - 564. Calculate the remainder when a is divided by 16.
14
Let c(l) = -3*l - 1. Let h = 0 - -4. Suppose y + 32 = -5*z, -z + 2*y - h = 9. Calculate the remainder when 39 is divided by c(z).
19
Suppose 5*s + 4*g = -2, 6*s + g = 3*s + 3. Let x(r) = -3*r - 7. Let t be x(-3). Calculate the remainder when t/3 + 20/15 is divided by s.
0
Suppose 10*k = 7*k + 9, n - 3*k = 7. What is the remainder when (-1)/2*-122*1 is divided by n?
13
Let z(n) = -n**3 + n**2 + n. Let o(l) = 96*l**2. Let b = -145 - -146. Calculate the remainder when o(b) is divided by z(-3).
30
Let k(z) = 4*z - 4*z**2 + 2*z**3 - 14*z**2 + z. What is the remainder when 269 is divided by k(9)?
44
Calculate the remainder when 4/((-280)/(-3210)) + 1/7 is divided by 16.
14
Let c(g) = 7*g**2 - 13*g - 26. Let m be c(-5). Suppose -112 = -l - l - 3*n, -4*l - n = -m. What is the remainder when l is divided by 16 - (-3)/((-9)/6)?
11
Let q(d) = -12*d - 71. What is the remainder when q(-17) is divided by 34?
31
Suppose -4*j = -j - 24. Suppose 558 - 118 = j*b. What is the remainder when b is divided by 19?
17
Suppose 3*v - 4*i - 694 = 0, -3*v = v - 5*i - 927. Calculate the remainder when v is divided by 18.
4
Let l(f) = -2*f**2 + f + 1. Let o be l(-1). Calculate the remainder when -11 + 6 + o + 209 is divided by 51.
49
Let b = -18 + 22. Let l(j) = j**3 + 2*j**2 - 7. What is the remainder when l(b) is divided by 23?
20
Suppose 103 + 17 = p. Suppose p = 5*u - u. Calculate the remainder when 89 is divided by u.
29
Suppose -5 = -2*g + 3. Let q = 10 + g. Calculate the remainder when 53 is divided by q.
11
Let d be (-1770)/(-17) + 34/(-289). Suppose -28 = 2*l - 2*f - d, -3*f = -2*l + 77. What is the remainder when l is divided by 18 - (-6)/(-2) - 2?
11
Let v(j) be the third derivative of 2*j**5/15 - j**4/6 + j**3/3 - j**2. Suppose 5*n - 13 = 22. Calculate the remainder when v(2) is divided by n.
5
Calculate the remainder when 6 + -6 + 4 + 85 is divided by 15.
14
Suppose 3*g - w - 90 = 0, 6*w - 170 = -5*g + w. What is the remainder when ((-4)/(-5))/(172/26230) is divided by g?
29
Let h = -440 - -519. What is the remainder when h is divided by 24?
7
Calculate the remainder when (-1883)/7*(-3)/3 is divided by 16.
13
Let l(x) = -37 + 41 - 5*x**2 - 8*x - x**2 + x**3. Let w be l(7). Let i(b) = 5*b**2 + 2*b - 5. Calculate the remainder when i(w) is divided by 18.
16
Let d(g) = g**2 + g - 4. Let j(l) = -3*l + 5*l**2 - 5*l**2 - 4*l - 1 + l**2. Calculate the remainder when d(-6) is divided by j(8).
5
Suppose 309 = 34*o - 2445. Calculate the remainder when o is divided by 17.
13
Let r = 61 + -47. What is the remainder when 123 is divided by r?
11
Let f = 92 + -129. Let b = 74 + f. Calculate the remainder when b is divided by 3 - (-1 - (-1 - -10)).
11
Let p = 7 - 19. Let a(h) = -h - 12. Let c be a(p). Suppose k + 4*v - 25 = c, -10 = 3*k - k - 4*v. What is the remainder when 9 is divided by k?
4
Let f = 936 - 758. What is the remainder when f is divided by 31?
23
Let d = 83 + -55. Suppose -2*w + d = 2. What is the remainder when w is divided by 2?
1
Suppose 6*y = -0*y + 216. Let j(l) = -l**3 - l + 39. Let o be j(0). Suppose -7*c + 4*c = -o. Calculate the remainder when y is divided by c.
10
Let c(m) = 4*m**2 + 49*m + 16. Calculate the remainder when 229 is divided by c(-13).
9
What is the remainder when 139 is divided by (1 - 2) + (-6 - 572/(-13))?
28
Let n be (-2)/(1*6/177). Let p = 98 + n. Calculate the remainder when p is divided by 16.
7
Let t = -342 + 459. Calculate the remainder when t is divided by 21.
12
Let a(k) = -k**2 + 9*k - 6. What is the remainder when 80 is divided by a(3)?
8
Let l be 37 + (-2)/((-8)/(-12)). Suppose l*z - 27*z - 567 = 0. What is the remainder when z is divided by 29?
23
Let y(n) = 113*n - 561. Suppose 3*w + 26 - 95 = 0. What is the remainder when w is divided by y(5)?
3
Let f be 15/(6/2) - -2. Suppose 2*t + f*b - 42 = 5*b, -5*t = -b - 123. What is the remainder when t is divided by 9?
6
Let z be (-2 + 3)*3 - -13. Suppose -5*g + 14 = -z. What is the remainder when g is divided by 2?
0
Suppose v - 4*q = 17, 0 = -5*v + 4*q + 70 - 1. Calculate the remainder when (23 - 5)*(-8)/(-6) is divided by v.
11
Let s be -4*(8/16 - (0 - -1)). Suppose -s*l + 74 = 2*o, 3*o - 79 = -0*l - 2*l. What is the remainder when 61 is divided by l?
29
Suppose 3*m - 261 = -3*a, 15*a - 12*a = -m + 87. Suppose -10 + 0 = -g. What is the remainder when m is divided by g?
7
Let u be (8/3)/((-8)/(-24)). Suppose -u*n + 5 = -7*n. Suppose 0 = j - 5*a - 0 - 2, 0 = j + n*a - 22. What is the remainder when 23 is divided by j?
11
Suppose 4*h = 4*h - 10*h. Suppose h*a = -5*a + 120. Calculate the remainder when 69 is divided by a.
21
Let p(l) = l + 17. Let w = -11 - -10. Let x be (w + -1)*1 + 2. What is the remainder when p(x) is divided by 9?
8
Suppose -4*i = 4*s - 20, -2*s - s + 5 = 2*i. Let l(p) = -p**3 + 11*p**2 + 14*p. Calculate the remainder when l(12) is divided by i.
4
Suppose -5*s = 5*o + 15, -2*s + s + 1 = 5*o. Calculate the remainder when 63 is divided by -4 - (s - -6 - 23).
12
Let h(t) = -t**2 - 8*t - 14. Let b be h(-6). What is the remainder when 4*(-99)/(-48) + b/8 is divided by 5?
3
Suppose -9 = p + 5*n, 21 = -p - n + 28. Calculate the remainder when 15 is divided by p.
4
Suppose -2*o + 35 = b, 2*b - 2*o - 64 = -0*b. Suppose -3 + b = -5*q. Let w(h) = -3*h - 6. Calculate the remainder when 46 is divided by w(q).
10
Suppose 3*j - 14 = 37. Suppose -3*l + 2*l = -j. Suppose 12 = 3*k + 3*x, 1 + 2 = -x. What is the remainder when l is divided by k?
3
Su